(351/(-6))/k + 3/2?
6
Let w be (-4)/10*(-2125)/17. Suppose -12*m = -11*m + c - 19, 2*m - w = 2*c. What is the units digit of m?
2
Suppose 0 = -5*n + 29334 - 5984. Suppose 27*v - 24650 = -n. What is the units digit of v?
0
Let q = -11878 - -20202. What is the units digit of q?
4
Let q = 25 - 34. Let r = -13 - q. What is the tens digit of (15/r)/(6/(-40))?
2
Let f(i) be the third derivative of -17*i**4/12 - 44*i**3/3 - 102*i**2. What is the hundreds digit of f(-25)?
7
Let t(w) = -1419*w - 1563. What is the tens digit of t(-9)?
0
Let j = 416 - 365. Suppose -624 = 39*m - j*m. What is the tens digit of m?
5
Let d = 1786 + 4116. What is the thousands digit of d?
5
Let u = 31 + -34. What is the hundreds digit of 169 + (u - (-2)/6*3)?
1
Let z = 433 + -435. What is the tens digit of (-78)/(-12) - 7 - 123/z?
6
Let v(s) = -s + 1. Let c(z) = 83*z + 16. Let f(b) = -c(b) + 2*v(b). What is the units digit of f(-4)?
6
Let v(i) = -i**3 - 9*i**2 - 17*i + 8. Let r be v(-6). Suppose -5*l = -15, 4*g + 384 = r*l + 2106. What is the hundreds digit of g?
4
Let h(v) = 1983*v**2 + 70*v - 136. What is the hundreds digit of h(2)?
9
Suppose 82200 - 15542 = 32*h - 66110. What is the thousands digit of h?
4
Let f = 2229 - 1533. Suppose -720 = -a + m, a = -m - 4*m + f. What is the units digit of a?
6
Let p(t) = -4*t**3 + 2*t**2 - t. Let y be p(2). Let b = -26 - y. Suppose b = 2*g - 62 - 50. What is the units digit of g?
6
Let a = 143 - 137. Let b(p) = p**3 - 6*p**2 + 15*p - 3. What is the units digit of b(a)?
7
Let w(f) = -12*f**3 + f**2 - f + 15. Let n be w(-4). Suppose -5*j = -4*u - 809, 5*j + 0*j = -2*u + n. What is the hundreds digit of j?
1
Let t(l) = l**2 - l - 2. Let k be t(2). Suppose -2*m + 3*q + 625 = k, 4*q = 4*m - 0*q - 1256. Let c = -176 + m. What is the tens digit of c?
4
Let k be (3 + -6)*((-86)/3 - -4). Let u = 102 - k. What is the tens digit of u?
2
Suppose 4*g + 17 = -3*k - 2, 5*g + 17 = 3*k. Let y be (-1)/(-1) + (-2 + 1)/k. Suppose 5*q - 140 = -5*j, -2*j - y*q + 41 = -5*q. What is the units digit of j?
5
Suppose -12*p + 5 = -7*p. Let i be 1 - p - (0 + -1). What is the units digit of i/5 + (-1116)/(-45)?
5
Let g(s) = 4*s - 11. Let l(b) = -b. Let a(h) = g(h) + 3*l(h). Let k be a(18). Suppose -k*i = 54 - 502. What is the units digit of i?
4
Let i(j) = -16*j**3 - 17*j**2 - 3*j - 244. What is the ten thousands digit of i(-10)?
1
Let p = -1750 - -578. Let q = p + 2322. What is the thousands digit of q?
1
Suppose -4*r - 5*i - 9 = 0, i = -4*r - 0*i + 11. Suppose 3*q = -u + 64, 4*q - r = 12. Suppose -2*z + 4 + u = 0. What is the units digit of z?
8
Let l(p) = 136*p**2 - 366*p + 3314. What is the ten thousands digit of l(9)?
1
Let w be 7*((-1)/2)/((-22)/132). Suppose -37750 = -29*j - w*j. What is the units digit of j?
5
Let m(x) = -30*x - 63. Let q = -928 + 896. What is the hundreds digit of m(q)?
8
Let k be (1 + 0)*(-10)/(-5). Suppose -6*y = -k*y - 8. Suppose -3*c = -3*g + 7*g - 239, 4*c = -y*g + 112. What is the units digit of g?
2
Let s = 106 + 26. Let j be (-13)/((-2)/1 + (-338)/(-156)). Let z = s + j. What is the tens digit of z?
5
Suppose 0*f = 94*f + 53*f - 3566808. What is the hundreds digit of f?
2
Suppose 7*m = 9*m - 18. Let z be 1649/m + ((-75)/(-27) - 3). Let a = z - 89. What is the units digit of a?
4
What is the hundreds digit of (-162055923)/(-8715) - (-4)/(-70)?
5
Let f(o) be the second derivative of 0 + 13/2*o**2 + 1/12*o**4 + 4*o - 5/6*o**3. What is the units digit of f(6)?
9
Suppose 74*d - 72*d - 318 = -4*w, 5*d + w - 786 = 0. What is the units digit of d?
7
Let u(f) = f**2 - 14*f. Let k be u(14). Suppose 0 = 6*m - 2*m + 3*s - 17, k = 3*s + 3. Suppose -m*t = 4*t - 873. What is the units digit of t?
7
Suppose 5*x = -u + 41258, -81*x + 80*x = 4*u - 164861. What is the thousands digit of u?
1
What is the units digit of (-6608460)/(-180) + (-8)/12 + 0?
3
What is the ten thousands digit of (-129)/(-731)*181339 - 5*-1?
3
Let l = 145 - 131. What is the units digit of (-5)/l*-710 + (-48)/(-112)?
4
Let b be (-16)/(0 + 4) - -7. Suppose 17*o - 2268 = b*o. What is the units digit of o?
2
Suppose 5736 = 6*f + 382248. What is the hundreds digit of 1 + (-3)/15 + f/(-160)?
3
What is the units digit of 1/5 - (-655996)/220?
2
Suppose 5*b - 10 = -3*c + 11, 3*b = 3*c + 3. Suppose -216 - 60 = -b*f. Suppose -f = -4*y + 4. What is the units digit of y?
4
Suppose -2*k + 1234 = 270. Suppose 0 = -n + 4*h + k, -n = -2*n - h + 497. Suppose -f + z = f - 254, 5*z - n = -4*f. What is the tens digit of f?
2
Let u be (-6)/8 - (-3 + (-1432)/32). Suppose -7*z + 327 = u. What is the tens digit of z?
4
Suppose -4*p = z + 5, 0*z = 2*p - 5*z - 25. Suppose 2*o - 18 = -4*h, -3*h + o + p*o + 1 = 0. Suppose 0 = -h*a + 23 - 5. What is the units digit of a?
9
Let m = 9974 + 1313. What is the tens digit of m?
8
Suppose -3*r - 64 = -19*r. What is the units digit of 548 - (r - (-7 - -18))?
5
Let u(j) = -3*j**3 + 4*j**3 - 4*j**2 + 5*j**2 - 3 + 7*j - 8*j**2. Let h be u(8). Suppose 0 = -d + 4*f + h, 3*f - 14 = -2*d + 187. What is the units digit of d?
5
Suppose -5*r - 4*a - 367 = 0, -23*r - 3*a + 81 = -24*r. What is the units digit of ((-4)/10)/(6/r) - -923?
8
Let k be (5 + 174/(-18))*6/(-4). Suppose -681 = -k*m + 1356. What is the tens digit of m?
9
What is the hundreds digit of (-621120)/(-224) - ((-126)/49)/(-3)?
7
Suppose -20*n + 15*n + 390 = 0. What is the hundreds digit of (18/4)/(n/3640)?
2
Let h be 6 + (-8 - (3 + 5)). What is the hundreds digit of (-12888)/h + (-198)/(-165)?
2
Let o be ((-8)/(-40))/(3/45). Let w = 22 + 17. Let z = w - o. What is the tens digit of z?
3
Suppose 2*l - 2 = 0, -71 = -4*i - 2*l + 3*l. Let w = i + -16. What is the tens digit of 950/7 - w - (-4)/14?
3
Suppose s - 3*y - 9 = 0, -4*s + 5*y - 2 + 59 = 0. What is the hundreds digit of (2/s*12)/((-2)/(-588))?
3
Let u = 353 - 150. Let v(r) = r**3 + 84*r**2 + 87*r + 341. Let j be v(-83). Suppose j*i - u = 8*i. What is the hundreds digit of i?
2
Let y be (16/(-10))/(2 + 24/(-10)). Let i be ((-2)/y)/((-7)/28). Suppose 2*t = 26 - i. What is the units digit of t?
2
Let i(m) = -31*m + 3899. What is the hundreds digit of i(79)?
4
Let i = -714 - -704. What is the thousands digit of (10/i)/(-8) + 10223/8?
1
Let m(h) = h**3 + 14*h**2 - 32*h - 4. Let f be m(-16). What is the tens digit of -1*f/(-10) - 69408/(-120)?
7
Let z = -45 - -48. Suppose -3*m - 73 = -3*s + 2*m, -z*s + 69 = -3*m. Suppose -18*f = -s*f + 120. What is the tens digit of f?
4
Let y = -751 - -1467. Suppose 3*a + 2*w = y, 4*w - 2*w - 232 = -a. What is the hundreds digit of a?
2
Suppose 24465 = -5*b + 50927 + 48503. What is the hundreds digit of b?
9
Let o(n) = -n**2 + 18*n - 14. Let k be o(8). Let c = k + -65. Let j(y) = 3*y**2 - y + 1. What is the units digit of j(c)?
3
Suppose 19*d - 5663 - 1177 = 0. Let j = 2 - -4. Suppose -3*f + 4*u = -219, -f - 5*u - d = -j*f. What is the units digit of f?
9
Let a = 120 + 86. Let q = a - 8. What is the hundreds digit of q?
1
Let t = 85 + -85. Suppose 3*p + 4*z + 655 = 0, -z + 665 = -3*p - t*p. Let m = -33 - p. What is the tens digit of m?
8
Suppose -56*w - 99*w + 609489 = -550066. What is the units digit of w?
1
Suppose 0 = -10*f + 186 - 46. Suppose q + 3 = f. What is the units digit of q/22*(-120)/(-1)?
0
Let g(i) = 54*i**2 - 12*i - 985. What is the units digit of g(-22)?
5
What is the tens digit of (16/208 + 50030/(-78))/(6/(-9))?
6
Let j(h) = 86*h**2 + 10*h + 60. Let z be j(-14). Suppose 0*f - z = -24*f. What is the units digit of f?
9
Suppose 5*h = 4*o + 9, 4*o - 2*h = -3*h + 21. Let s(a) = -a**2 + a + 11. Let r be s(o). Let k(q) = -29*q**3 - 2*q**2 + 1. What is the units digit of k(r)?
8
Let g(i) = -9*i + 1790. What is the units digit of g(-73)?
7
Suppose 8*n = -11 + 11. Suppose n = y - l - 1789 + 264, 5*y - 7625 = -l. What is the thousands digit of y?
1
Let v = 47 - 46. Let f be (-2 + 3)/(2/2). What is the tens digit of (v - 4)*f*19/(-3)?
1
Let z = 43 + 22. Let r = z - 46. Suppose -10*x + 9*x + r = 0. What is the units digit of x?
9
What is the units digit of 918/(-153)*1114/(-6)?
4
Suppose -43 = -4*m + 3*x, -6*x + 55 = 4*m - 5*x. Suppose -17*o + 100 = -m*o. Suppose 0 = -13*r + o*r - 1008. What is the units digit of r?
4
Let a = -111469 - -172305. What is the hundreds digit of a?
8
Let i = -46 + 40. Let n(b) = 2*b**2 